reatest common factor of 11 and 10483?
11
What is the highest common divisor of 75 and 233900?
25
What is the highest common factor of 512 and 4048?
16
Calculate the highest common divisor of 672166 and 176.
22
What is the greatest common divisor of 21370 and 90?
10
What is the highest common divisor of 24 and 48696?
24
Calculate the highest common divisor of 1804 and 726.
22
What is the greatest common divisor of 40114 and 62?
62
Calculate the greatest common factor of 1168 and 44822.
146
What is the highest common divisor of 34 and 362?
2
What is the greatest common factor of 14775 and 376467?
591
Calculate the highest common divisor of 4 and 7324.
4
Calculate the greatest common divisor of 466 and 249077.
233
What is the highest common factor of 56 and 57932?
28
Calculate the highest common divisor of 7791 and 488607.
1113
What is the highest common factor of 64 and 25496?
8
What is the greatest common factor of 300 and 1411050?
150
Calculate the highest common factor of 97937 and 119.
119
What is the greatest common divisor of 64548 and 891?
99
What is the highest common factor of 8835 and 217?
31
What is the greatest common divisor of 619527 and 493?
29
What is the greatest common factor of 22165 and 65?
65
What is the highest common factor of 26908 and 36?
4
What is the highest common divisor of 25184 and 40?
8
What is the greatest common divisor of 2784 and 2958?
174
Calculate the highest common divisor of 378 and 15750.
126
Calculate the greatest common divisor of 679058 and 163.
163
Calculate the greatest common divisor of 1525 and 164273.
61
What is the highest common divisor of 199232 and 288?
32
What is the highest common divisor of 9464 and 1001?
91
Calculate the highest common factor of 1106 and 92746.
158
Calculate the greatest common divisor of 51350 and 158.
158
What is the greatest common factor of 5412 and 297?
33
What is the highest common factor of 647 and 1004791?
647
Calculate the highest common divisor of 371 and 52458.
7
What is the highest common divisor of 855668 and 77?
11
What is the greatest common factor of 231984 and 72?
72
What is the highest common factor of 130 and 250198?
26
What is the greatest common divisor of 37650 and 2850?
150
What is the highest common divisor of 13260 and 42330?
510
What is the highest common divisor of 54 and 31851?
9
What is the greatest common divisor of 201 and 1575974?
67
Calculate the greatest common divisor of 580 and 283765.
145
What is the greatest common divisor of 297666 and 552?
138
Calculate the greatest common factor of 5460 and 166866.
42
Calculate the greatest common factor of 2526178 and 412.
206
What is the highest common factor of 429 and 1308593?
143
What is the highest common divisor of 198 and 144?
18
Calculate the greatest common divisor of 8 and 254556.
4
What is the highest common factor of 60405 and 30?
15
What is the highest common factor of 1650240 and 20?
20
What is the greatest common factor of 9024 and 705?
141
What is the highest common divisor of 3392 and 3922?
106
Calculate the highest common divisor of 52 and 5096.
52
What is the greatest common factor of 8378 and 531?
59
What is the greatest common divisor of 1152 and 8800?
32
What is the highest common factor of 74128 and 2486?
226
What is the greatest common factor of 4549441 and 1586?
793
Calculate the greatest common factor of 19 and 9.
1
What is the greatest common divisor of 48555 and 32500?
65
Calculate the greatest common factor of 104 and 4552.
8
Calculate the greatest common divisor of 1035 and 215.
5
Calculate the greatest common divisor of 40655 and 19030.
865
What is the greatest common divisor of 3055189 and 34?
17
Calculate the highest common divisor of 20 and 8685040.
20
Calculate the highest common divisor of 28 and 873488.
28
What is the greatest common factor of 17082 and 63414?
234
What is the greatest common factor of 27392 and 89344?
256
Calculate the greatest common factor of 22606 and 2848.
178
What is the highest common divisor of 36177 and 372?
93
Calculate the greatest common factor of 44 and 1485.
11
What is the greatest common divisor of 3922 and 636?
106
Calculate the greatest common factor of 20458 and 1544.
386
Calculate the greatest common factor of 18 and 2325132.
18
Calculate the greatest common divisor of 113190 and 132.
66
Calculate the greatest common factor of 1401 and 8701611.
1401
What is the highest common divisor of 285 and 11505?
15
What is the greatest common divisor of 16 and 115576?
8
What is the greatest common divisor of 2740 and 8357?
137
Calculate the greatest common factor of 296 and 16391.
37
What is the greatest common divisor of 660 and 746020?
220
What is the highest common factor of 3215 and 45?
5
Calculate the highest common divisor of 20 and 14890.
10
Calculate the highest common divisor of 6408 and 10324.
356
What is the highest common divisor of 275 and 5962?
11
Calculate the greatest common factor of 5286718 and 218.
218
Calculate the greatest common divisor of 111 and 55389.
111
Calculate the highest common divisor of 5742 and 78.
6
What is the greatest common divisor of 541647 and 81?
81
What is the highest common divisor of 16 and 40952?
8
Calculate the greatest common divisor of 12 and 42879.
3
Calculate the greatest common divisor of 13 and 141193.
13
Calculate the greatest common factor of 315771 and 201.
201
What is the greatest common divisor of 3508 and 1107651?
877
What is the greatest common factor of 348 and 11038386?
174
What is the highest common factor of 1776 and 1136?
16
Calculate the greatest common factor of 24550 and 390.
10
Calculate the highest common factor of 128690 and 170.
170
Calculate the greatest common factor of 49068 and 36.
36
Calculate the greatest common factor of 14660 and 40.
20
What is the greatest common divisor of 96408 and 312?
312
Calculate the greatest common divisor of 35256 and 728.
104
What is the greatest common factor of 23 and 7907?
1
Calculate the greatest common factor of 524484 and 1836.
612
Calculate the highest common divisor of 693 and 1485.
99
What is the highest common divisor of 9842 and 888?
74
Calculate the highest common divisor of 935 and 110.
55
What is the highest common divisor of 4800 and 6150?
150
What is the greatest common factor of 128 and 3101312?
128
Calculate the highest common divisor of 57105 and 180.
45
What is the greatest common divisor of 548 and 28907?
137
Calculate the highest common divisor of 33 and 893904.
33
Calculate the greatest common divisor of 34556 and 8.
4
Calculate the highest common divisor of 11 and 1551.
11
Calculate the greatest common factor of 5052 and 48.
12
What is the highest common divisor of 18557 and 1078?
77
What is the highest common factor of 4508 and 2058?
98
Calculate the greatest common factor of 22503 and 17121.
39
Calculate the highest common divisor of 48 and 288528.
48
What is the highest common divisor of 15300 and 630?
90
What is the highest common divisor of 1612 and 9932?
52
What is the highest common divisor of 26 and 4693?
13
What is the highest common divisor of 14456 and 64?
8
Calculate the greatest common divisor of 816 and 332736.
48
Calculate the greatest common factor of 216 and 4092.
12
What is the greatest common divisor of 5049 and 11407?
187
What is the highest common divisor of 9 and 336789?
9
Calculate the greatest common divisor of 59 and 29441.
59
What is the greatest common factor of 930960 and 336?
48
What is the highest common divisor of 92575 and 4725?
175
What is the highest common factor of 242 and 1590061?
121
Calculate the greatest common factor of 210 and 29120.
70
What is the greatest common factor of 1110 and 401376?
222
What is the greatest common factor of 1160105 and 3015?
335
Calculate the greatest common divisor of 358030 and 10.
10
What is the highest common divisor of 2100 and 446425?
175
What is the highest common factor of 300 and 38550?
150
What is the highest common divisor of 241320 and 240?
120
What is the greatest common divisor of 20 and 102720?
20
Calculate the greatest common factor of 41 and 29807.
41
Calculate the greatest common factor of 805125 and 45125.
2375
What is the greatest common divisor of 2600 and 224120?
520
What is the highest common factor of 49457 and 5415